{"id":168,"date":"2022-08-23T09:53:23","date_gmt":"2022-08-23T07:53:23","guid":{"rendered":"https:\/\/rheinbold.com\/WP_Hypno\/?page_id=168"},"modified":"2022-09-25T21:03:42","modified_gmt":"2022-09-25T19:03:42","slug":"hypnose-in-einen-trancezustand-gehen","status":"publish","type":"page","link":"https:\/\/rheinbold.com\/WP_Hypno\/hypnose-in-einen-trancezustand-gehen\/","title":{"rendered":"Hypnose &#8211; in einen Trancezustand gehen"},"content":{"rendered":"\n<p>Hypnose ist etwas ganz nat\u00fcrliches. Eigentlich ist Hypnose der Weg in eine Art der Tagtr\u00e4umerei \u2013 der Weg in Trance.<\/p>\n\n\n\n<p>Jeder hat es schon einmal erlebt, wenn man z.B. vollkommen in ein Buch vertieft ist oder beim Fernsehkrimi erschrickt, obwohl man doch auf dem eigenen Sofa sitzt oder \u201ewie automatisch\u201c Auto f\u00e4hrt und sich pl\u00f6tzlich fragt, ob die letzte Ampel tats\u00e4chlich gr\u00fcn war. Sie war nat\u00fcrlich gr\u00fcn, denn auch in Trance tut man nichts, was man nicht m\u00f6chte.<\/p>\n\n\n\n<div class=\"wp-block-columns is-layout-flex wp-container-core-columns-is-layout-9d6595d7 wp-block-columns-is-layout-flex\">\n<div class=\"wp-block-column is-layout-flow wp-block-column-is-layout-flow\"><div class=\"wp-block-image\">\n<figure class=\"aligncenter size-large is-resized\"><img loading=\"lazy\" decoding=\"async\" src=\"https:\/\/rheinbold.com\/WP_Hypno\/wp-content\/uploads\/2022\/08\/brunnenausschnnittblau-1024x637.jpg\" alt=\"\" class=\"wp-image-169\" width=\"408\" height=\"254\" srcset=\"https:\/\/rheinbold.com\/WP_Hypno\/wp-content\/uploads\/2022\/08\/brunnenausschnnittblau-1024x637.jpg 1024w, https:\/\/rheinbold.com\/WP_Hypno\/wp-content\/uploads\/2022\/08\/brunnenausschnnittblau-300x187.jpg 300w, https:\/\/rheinbold.com\/WP_Hypno\/wp-content\/uploads\/2022\/08\/brunnenausschnnittblau-768x478.jpg 768w, https:\/\/rheinbold.com\/WP_Hypno\/wp-content\/uploads\/2022\/08\/brunnenausschnnittblau.jpg 1167w\" sizes=\"auto, (max-width: 408px) 100vw, 408px\" \/><figcaption>Created with GIMP<\/figcaption><\/figure>\n<\/div><\/div>\n\n\n\n<div class=\"wp-block-column is-layout-flow wp-block-column-is-layout-flow\">\n<p>Imgrunde geht man selbst in Trance, nicht der Hypnotiseur versetzt jemanden in Trance. Er hilft nur dabei. Im Trancezustand kann man dem Unterbewusstsein helfen, Ver\u00e4nderungen herbei zu f\u00fchren, die man mit dem Verstand nicht schafft. In Hypnose wird die Aufmerksamkeit oder gar das Bewusstsein nicht verringert, sondern gezielt auf einen Gedanken gelenkt.<\/p>\n\n\n\n<p>Die hypnotisierte Person kann jederzeit selbst aus dem Trancezustand herauskommen.<\/p>\n<\/div>\n<\/div>\n\n\n\n<p><\/p>\n\n\n\n<p>Hypnose ist wissenschaftlich anerkannt. Auch Mediziner und Psychotherapeuten wenden Hypnose an.<\/p>\n\n\n\n<p>Wer einfach mal eine Hypnose \u2013 ohne irgendeinen gezielten Auftrag \u2013 ausprobieren m\u00f6chte, bekommt bei mir eine Kostprobe zum Schnupperpreis von 30,00 Euro.<\/p>\n\n\n\n<p>Einfach telefonisch unter 0177-22 48 492 einen Termin vereinbaren.<\/p>\n","protected":false},"excerpt":{"rendered":"<p>Hypnose ist etwas ganz nat\u00fcrliches. Eigentlich ist Hypnose der Weg in eine Art der Tagtr\u00e4umerei \u2013 der Weg in Trance. Jeder hat es schon einmal erlebt, wenn man z.B. vollkommen in ein Buch vertieft ist oder beim Fernsehkrimi erschrickt, obwohl man doch auf dem eigenen Sofa sitzt oder \u201ewie automatisch\u201c Auto f\u00e4hrt und sich pl\u00f6tzlich &#8230; <a title=\"Hypnose &#8211; in einen Trancezustand gehen\" class=\"read-more\" href=\"https:\/\/rheinbold.com\/WP_Hypno\/hypnose-in-einen-trancezustand-gehen\/\">Read more<span class=\"screen-reader-text\">Hypnose &#8211; in einen Trancezustand gehen<\/span><\/a><\/p>\n","protected":false},"author":2,"featured_media":0,"parent":0,"menu_order":0,"comment_status":"closed","ping_status":"closed","template":"","meta":{"footnotes":""},"class_list":["post-168","page","type-page","status-publish"],"_links":{"self":[{"href":"https:\/\/rheinbold.com\/WP_Hypno\/wp-json\/wp\/v2\/pages\/168","targetHints":{"allow":["GET"]}}],"collection":[{"href":"https:\/\/rheinbold.com\/WP_Hypno\/wp-json\/wp\/v2\/pages"}],"about":[{"href":"https:\/\/rheinbold.com\/WP_Hypno\/wp-json\/wp\/v2\/types\/page"}],"author":[{"embeddable":true,"href":"https:\/\/rheinbold.com\/WP_Hypno\/wp-json\/wp\/v2\/users\/2"}],"replies":[{"embeddable":true,"href":"https:\/\/rheinbold.com\/WP_Hypno\/wp-json\/wp\/v2\/comments?post=168"}],"version-history":[{"count":3,"href":"https:\/\/rheinbold.com\/WP_Hypno\/wp-json\/wp\/v2\/pages\/168\/revisions"}],"predecessor-version":[{"id":190,"href":"https:\/\/rheinbold.com\/WP_Hypno\/wp-json\/wp\/v2\/pages\/168\/revisions\/190"}],"wp:attachment":[{"href":"https:\/\/rheinbold.com\/WP_Hypno\/wp-json\/wp\/v2\/media?parent=168"}],"curies":[{"name":"wp","href":"https:\/\/api.w.org\/{rel}","templated":true}]}}